ime factors of y?
3, 13
Let p = -99 - -100. Suppose p = 2*l - 101. List the prime factors of l.
3, 17
Let o(c) = 3*c - 1. Let y be o(-1). List the prime factors of (-1510)/(-30) + y/(-6).
3, 17
Suppose 3*b + 3*k - 6288 = 1845, -b - 3*k + 2715 = 0. List the prime factors of b.
3, 7, 43
Let r(a) = -4*a - 8. Let w be r(-4). Let s = 10 - w. What are the prime factors of -3 + s + -2 - -6?
3
Suppose -5*b = 2*x - 2*b - 10, -x = -b. Let n be (0 - -4)*(6 - x). Suppose n = d - 0*d. What are the prime factors of d?
2
Let r = 21 + -41. Let i be (-4)/r - (-3)/(-15). Suppose i*v = 5*v - 10. What are the prime factors of v?
2
Let v = 2 - -6. Let n(r) = 2*r**2 - 5*r - 1. Let t(u) = u**2 - 2*u. Let y(a) = -6*n(a) + 11*t(a). What are the prime factors of y(v)?
2, 3
Suppose o = -2*o + 3. What are the prime factors of -1 - (-3 + -26)*o?
2, 7
Let j = 476 - 470. Let k(l) = 111*l + 2. Let v be k(2). List the prime factors of v/j + (-2)/(-3).
2, 19
Let m(d) = -2*d + d**3 - 3 + 8*d**2 + 3. List the prime factors of m(-8).
2
Suppose 4*r = -4*k + 4, 3*r - k - 8 = -3*k. Suppose r*l + 83 - 23 = 0. Let m(c) = -c**3 - 10*c**2 - 4*c + 7. List the prime factors of m(l).
47
Let n(y) = 12*y**3 + y**2 + y - 1. Let q = 16 + -15. Let g be n(q). Suppose g = -8*d + 9*d. List the prime factors of d.
13
Let c = -5 - -1. Let w be c + 6/2 + 10. List the prime factors of w/2*-2*-2.
2, 3
Let u(h) = h**2 - 3*h**2 + 8*h + 6*h**2 - 4 - 5*h**2. Let w be u(7). Suppose 2*l - 92 = c - w*c, -5*l + 2*c = -265. What are the prime factors of l?
3, 17
Let h be 2 - 3 - -2 - -2. Suppose 0 = -i + h*m + 81, 3*i + 0*m - 229 = -5*m. What are the prime factors of (-12)/i - (-654)/26?
5
Let f = 0 - -4. Suppose 3*c + f*m - 290 = -2*c, 3*m = c - 39. List the prime factors of c.
2, 3
Suppose 53*r - 52*r = 521. What are the prime factors of r?
521
Let n = -66 + 162. Let b = -32 + n. List the prime factors of b.
2
Let w be 95/15 - (-1)/(-3). Let m = -7 + 15. Let f = m - w. List the prime factors of f.
2
Suppose -165*k + 4476 = -161*k. What are the prime factors of k?
3, 373
Let w(d) = 4*d**2 - 59*d - 57. What are the prime factors of w(27)?
2, 3, 211
Let j = -104 - -2385. List the prime factors of j.
2281
Let f = 201 - 80. List the prime factors of f.
11
Let d be (-29268)/(-117) - ((-4)/(-26))/1. Suppose x + s = d, 143 - 1113 = -4*x + 2*s. What are the prime factors of x?
5, 7
Let k = 358 - -2067. List the prime factors of k.
5, 97
Suppose 113 = 2*m - 5*x - 451, 3*m + 5*x - 896 = 0. Suppose 0*b + m = -4*b. Let o = b + 126. What are the prime factors of o?
53
Suppose 12*u - 15470 - 55006 = 0. What are the prime factors of u?
7, 839
Suppose 24*j - 2170 = 19*j. List the prime factors of j.
2, 7, 31
List the prime factors of 1222 + 8*(-2)/(-8).
2, 3, 17
Suppose 0 = 2*k - 61 - 29. Let z = 71 - k. List the prime factors of z.
2, 13
Suppose -5*c + 2*t - 691 = 238, -2*t = 3*c + 551. Let s = c + 269. List the prime factors of s.
2, 3, 7
Let x(y) = y - 1. Let m(u) = -18*u + 16. Suppose -5*b + 1 = 6. Let q(n) = b*m(n) - 6*x(n). List the prime factors of q(5).
2, 5
Suppose -3 - 18 = -3*x. Let j(g) = -g**3 + 6*g**2 + 6*g + 2. Let z be j(x). Let d(s) = -s**3 - 5*s**2 - 3*s - 1. What are the prime factors of d(z)?
2, 7
Let s(d) = 24*d**2 + d + 4. List the prime factors of s(-5).
599
Suppose 765 = 5*i + 11*a - 14*a, 2*i + a = 306. Suppose -3*l = -i - 171. List the prime factors of l.
2, 3
Let n be (-15)/(-6) - (-6)/4. Suppose 0 = -2*s + 34 + n. Suppose -2*p = -4*g + 82, 2*g + p = 3*g - s. What are the prime factors of g?
2, 11
Let o = -821 + 1204. List the prime factors of o.
383
Let u = 1082 - 592. List the prime factors of u.
2, 5, 7
Suppose -15*x + 6505 = 1285. What are the prime factors of x?
2, 3, 29
Let x be -3 + (1 - -80) - -1. Let d = 8 - 5. Suppose d*w + 145 = 5*n, 2*n + 4*w - w - x = 0. List the prime factors of n.
2
Let d be ((-2)/5)/(1/5). Let f(h) = -2*h**2 - 2*h - 1. Let a(i) = -i**2 - 2*i - 1. Let g(t) = 7*a(t) - 6*f(t). List the prime factors of g(d).
23
Let s = -312 + 402. List the prime factors of s.
2, 3, 5
Let d be -1 + 5 + 3 + -4. Let h = -4 + 7. Suppose -5*b - 12 = l + 5, -h*l + 9 = d*b. List the prime factors of l.
2
Suppose -2*q + 7 = 3. Suppose -p = -q*p + 25. List the prime factors of p.
5
Let f = -309 + 1625. What are the prime factors of f?
2, 7, 47
Suppose -v + 608 = -4*g, 4*g - 6*g = 8. List the prime factors of (-2)/(-3) + v/12.
2, 5
Suppose x + 78 = -3*o - o, -6 = -3*o. Let v = x - 22. Let u = -61 - v. What are the prime factors of u?
47
Suppose -3*l + 37 = 3*z + z, 0 = -5*z - l + 38. Suppose -4*q + 67 = z. Suppose -13*u = -q*u + 42. What are the prime factors of u?
3, 7
Let c(f) = -f**2 + f - 6. Let g(h) = h**2 + 1. Let b(y) = c(y) + 5*g(y). Let t be b(-3). Let a = t + 0. List the prime factors of a.
2
Let z(o) be the second derivative of -o**5/20 + o**4/12 - o**3/3 + 58*o**2 - 6*o. Let c be z(0). Suppose -c - 54 = -5*y. What are the prime factors of y?
2, 17
Let y(f) = 6*f**2 + 11*f. Let x(o) be the second derivative of -o**4/12 - o**3/6 - o**2/2 - 3*o. Let w(g) = 5*x(g) + y(g). What are the prime factors of w(-9)?
2, 11
Let g = -925 - -1312. What are the prime factors of g?
3, 43
Suppose 35 = 6*n - 295. Suppose -180 = -5*y + 5*q - q, y + 3*q - n = 0. List the prime factors of y.
2, 5
Let p(j) = 2*j + 32. Let g be p(-11). Suppose 2*k + 4*b = 126, -4*b + g = b. What are the prime factors of k?
59
Let c(t) = t**2 - 8*t - 208. Let m be c(-15). Let x be (-83)/(1/1 - 0). Let n = m + x. What are the prime factors of n?
2, 3
Let v(d) = 28*d**2 - 8*d - 25. List the prime factors of v(-3).
251
Suppose -4*y + 412 = 4*d, -2*d + 3*y + 2*y + 178 = 0. Suppose p + p = -k + 71, 0 = -3*p - 3*k + d. Let x = -21 + p. What are the prime factors of x?
17
Let v(q) = -62*q - 2. Let w be (0 - 1) + 1 - (53 + -52). List the prime factors of v(w).
2, 3, 5
Let a(r) = -r**2 + 8*r - 4. Let s be a(7). Suppose 0 = -s*z - 7 + 244. What are the prime factors of z?
79
Suppose -3*l + 216 = 3*a + 2*a, -4*a + 178 = 5*l. Let g = a + 48. Suppose 3*r - g = 4*q, 5*r + 5*q - 193 = -43. What are the prime factors of r?
2, 3, 5
Suppose 6191 = 19*i - 34412. What are the prime factors of i?
2137
Let d = 214 - 182. Suppose 0*k - 5*k - 20 = 0. Let a = d + k. What are the prime factors of a?
2, 7
Let f(p) = -14*p + 100. List the prime factors of f(-24).
2, 109
Let z(m) = 2*m + 3. Let v(x) = 4*x - 5. Let f be v(2). Let l(k) = 3*k**2 - 8*k + 3. Let s be l(f). List the prime factors of z(s).
3, 5
Let d = -338 + 420. List the prime factors of d.
2, 41
Suppose -g = -0*i + 2*i - 16, 0 = -3*g - 2*i + 32. Let a(q) = q - 14. Let l be a(7). Let n = g - l. List the prime factors of n.
3, 5
Suppose 0 = 2*j - 5*j - 54. Let c = j + 43. What are the prime factors of c?
5
Suppose 4*x = 3*x + 78. List the prime factors of x.
2, 3, 13
List the prime factors of 5 + 1115 + (-1 - 6).
3, 7, 53
Let r(x) = 7*x - 10. Let q(c) = -8*c + 11. Let t(w) = -5*q(w) - 6*r(w). Let b(j) = -3*j + 11. Let z(f) = 3*b(f) - 5*t(f). What are the prime factors of z(10)?
2, 3
Suppose 4*x + 4 = 3*r + 2, -r + 3*x - 1 = 0. Suppose p + 2 = -2*v, -r*v - 5*p - 2 = 8. Suppose v = -s + 23 + 1. What are the prime factors of s?
2, 3
Let b be (-5)/((-5)/(-4)) - (-4)/(-2). Suppose 0 = -4*h, 0*h - 36 = -3*k + 2*h. Let q = b + k. List the prime factors of q.
2, 3
Suppose -v + 3*q + 1543 = 0, -17*v - 4*q = -22*v + 7660. List the prime factors of v.
2, 191
Let x(u) = 15*u**2 - 11*u - 9. What are the prime factors of x(5)?
311
Suppose 31*s - 29*s = 10. Suppose 3*n = -5*k + 373, -224 = -s*k + 2*k - 2*n. List the prime factors of k.
2, 37
Suppose 2*v - 558 = -5*t - 2*v, -5*v = -3*t + 357. Suppose -7*b = -4*b - 54. Suppose 4*x - t = b. List the prime factors of x.
3, 11
What are the prime factors of 2*62 + 37/(37/6)?
2, 5, 13
Let f(q) = -q**3 + 10*q**2 - 13*q + 2. Suppose -5*c - 2*o + 28 = 0, c - 13 = -2*c - 5*o. What are the prime factors of f(c)?
2, 17
Let n be 1 + (-2 - -9 - 3). Suppose 0 = -4*c - 16, n*y + 7*c = 2*c. List the prime factors of y.
2
Suppose -5*i - 2206 = 3*y + 4646, 3*y - 1356 = i. What are the prime factors of ((-2)/4 - 0)/(12/i)?
3, 19
Suppose 3*s = 7*s. Suppose 2*y = -3*q - 15, s*y - 3*y - 4*q = 21. Let x(u) = -11*u - 2. What are the prime factors of x(y)?
31
Let f(d) = -2*d**3 + 